5 = -5*m. Let i = m + 8. Suppose i*b - 8*b + 1004 = 0. Is b composite?
False
Suppose a - 2 = 1. Let u(b) = 11*b + 10*b + 2 + a. Is u(6) composite?
False
Suppose 4*q - 9 = q. Is (-1)/(q/(-3*199)) a prime number?
True
Let m(k) = k**2 + 18*k + 21. Let f be m(-18). Let w(o) = 0 + 7 + f*o**2 + 0 + 80*o**2 - 3*o. Is w(3) prime?
True
Let z(l) = 4*l**3 - 16*l**2 + 11*l - 13. Is z(8) prime?
False
Is 8/68 + (-1224093)/(-221) a prime number?
False
Suppose 0 = 5*c - w - 35, -5*w = 3*c - w + 2. Let d = c - 4. Is 128/d + (-1 - 1) composite?
True
Let z(d) be the first derivative of -4*d**2 + 5*d - 4. Let r(s) = s**3 + 24*s**2 + s + 16. Let f be r(-24). Is z(f) prime?
False
Let m = -18 - -21. Suppose 5*w + 44 = i, -m*i - 2*i = -w - 196. Suppose 44*r - i*r = 3175. Is r composite?
True
Suppose 6*z - 6312 = -2*z. Suppose 8*p = 15197 - z. Is p a prime number?
True
Let g(y) = -y + 1. Let c(w) = -65*w - 10. Let b(x) = c(x) + 3*g(x). Let o(k) = -2*k + 7. Let q be o(7). Is b(q) prime?
False
Suppose -34422 = -33*g + 27*g. Is g a composite number?
False
Let o(b) = 483*b + 1. Is o(2) a composite number?
False
Suppose -328 = 3*t - 4*l, 3 = 3*l - 0. Let p = 241 + t. Is p composite?
True
Let f be 357/6*(-4)/(-2). Suppose 36 = 2*x + 16. Let q = f - x. Is q prime?
True
Is (6/(-8))/(4/16) - -54 composite?
True
Let f be 1 - (-4 + (0 - 0)). Let b = f - 7. Is b/(-4) - (-1732)/8 prime?
False
Suppose -4*k - c = 1 + 5, 0 = 3*k - c + 1. Is -1 - 0 - -670 - (k - 1) a prime number?
False
Suppose -6 = 3*d - 12. Suppose b - d = 4. Suppose -i - 95 = -b*i. Is i composite?
False
Is 1/(-7*7/(-679091)) composite?
False
Suppose 3*g - 7184 = -5*u + 5852, 2*u - 4*g - 5230 = 0. Is u composite?
False
Let m be -2 + 7 + -2 + 9. Let l be 75 + -2*m/(-8). Suppose -665 = -f - l. Is f a prime number?
True
Suppose -3*i + 66738 = -3*r, 5*i + 32*r - 111231 = 36*r. Is i a prime number?
True
Suppose 3*a + 56 = -a. Is 8/a - 8013/(-21) a prime number?
False
Let h(z) = 15*z + 8. Let r = -16 - -21. Let m(l) = 4*l - 17. Let u be m(r). Is h(u) composite?
False
Let b(j) = -j**2 - 2*j + 7. Let y be b(3). Is 2/y*0 + 199 composite?
False
Let j(w) = w**3 - 32*w**2 - 18*w + 4. Is j(33) a composite number?
False
Let j(q) be the first derivative of -q**4/4 + q**3 + 2*q**2 + 3*q - 2. Let d be j(4). Suppose d*y - 177 - 60 = 0. Is y a prime number?
True
Let b(j) = 2*j - 12. Let q be b(6). Suppose -6*o - 19 + 97 = q. Let k(l) = 16*l - 9. Is k(o) a composite number?
False
Let b = 1340 - -723. Is b a prime number?
True
Let x(w) = w**3 - 13*w**2 + w - 12. Let c be x(13). Let o(a) = 1286*a**3 - 2*a**2 + a. Is o(c) prime?
False
Suppose -7*c - 5 = -2*c. Let w be 2 + c + (-4)/(-4). Suppose -2867 = -3*v - w*y, -5*v + y - 456 = -5217. Is v composite?
False
Let d = 51 - 7. Let r be (-8)/d + 68/11. Suppose o - r = 79. Is o a prime number?
False
Suppose -18*j + 3*w = -13*j - 38948, -4*w = -3*j + 23371. Is j a prime number?
True
Let d = -210 + 1106. Suppose -4*u - n = -1756, 0*u - 5*n = 2*u - d. Suppose 2*g + 80 = u. Is g composite?
False
Suppose -6*u = -20 - 4. Suppose 7*f = u*f. Suppose -5*x + 1752 - 257 = f. Is x composite?
True
Let a = 4347 - 2126. Is a prime?
True
Let k be (-1)/(-4) - 894/24. Let h = 186 + k. Let f = h - 66. Is f composite?
False
Let l(a) = 4*a - 5. Let o be l(2). Suppose 244 = o*h - 317. Is h a composite number?
True
Is 662442/46 - 110/(-1265) a composite number?
False
Let m be 8/2*5/10. Is 383/m - 8/16 a prime number?
True
Let h be 7/(7/4) - 64. Is 2/12 - 207410/h composite?
False
Let u = -103 - -107. Suppose -u*a = -a + 2*h - 2131, 0 = -5*a + 5*h + 3510. Is a composite?
True
Suppose -117 - 2488 = -5*c - 5*l, 0 = 4*l + 20. Is c composite?
True
Suppose -10*i - 5*i = -41445. Suppose 0 = 2*j, 0 = 5*c - 2*c - 5*j - i. Is c composite?
True
Suppose -3 = 5*a - 93. Is (-27)/a*8/(-3) composite?
True
Let a(h) = 20*h**2 - h + 1. Let f be a(-2). Let l be -5 + -4 + 6 - -1*5. Suppose 3*g - f = l*g. Is g a prime number?
True
Let w(v) = 12*v + 5. Let r(p) = p - 8. Let z be r(17). Is w(z) prime?
True
Let x(l) = -3*l - 8 + 4 - 1 + 2*l. Let u be x(-7). Is (u/8)/((-1)/(-1796)) a prime number?
True
Let r = 53 - 98. Let o be r/(-15) - (0 - 793). Suppose o = 15*p - 11*p. Is p a prime number?
True
Suppose 0 = -p - 1, 4*i + 9*p - 360 = 13*p. Is i a prime number?
True
Let l(g) be the second derivative of g**5/20 - g**4/2 + 3*g**3/2 - 9*g**2/2 - 7*g. Let r be l(8). Suppose -3*d + 146 = 2*c + 29, -r = -5*d - 2*c. Is d prime?
True
Let g = -123 + 46. Let h = -31 - g. Is h a prime number?
False
Let w(f) = 175*f - 4. Let n be w(12). Let g = n - 513. Suppose m = 3*m + k - 1581, 2*m - k - g = 0. Is m prime?
False
Suppose -106366 - 219321 = -67*b. Is b composite?
False
Suppose -4*s = 3*c - 4, -c - 1 - 3 = 0. Suppose -s*v = -2*q + 1092, 5*q = v + 2579 + 187. Let h = q - 115. Is h a composite number?
False
Suppose 4*k - 28 = -0*k - 4*y, 5*k + y - 23 = 0. Suppose 0 = 2*r + k*q - 1686, 3*r - 2*q - 2565 = q. Is r composite?
True
Suppose -19*m + 15 = -16*m. Suppose -11*k + 2690 = -6*k - 3*d, m*d + 516 = k. Is k prime?
True
Suppose 0 = 3*q - 372 - 192. Let p = q - 42. Is p prime?
False
Let k = 14 - 6. Suppose t + k = 10. Suppose -5*b + 720 = 2*z, 0*b - 302 = -2*b + t*z. Is b a composite number?
True
Let i be (-1498)/(-5) - 4/(-10). Let j = i - 56. Suppose p - j = 543. Is p prime?
True
Suppose -2*g = 5*w + 5, -4*w - 3*g = -0*g - 3. Let h be -3*5/15 - w. Suppose -758 = h*p - 4*p. Is p prime?
True
Let a(w) = w - 40. Let h be a(12). Is (142/4)/((-7)/h) a prime number?
False
Let x = -160513 - -232284. Is x composite?
True
Suppose 0 = 5*k - s - 76945, 13*k - 5*s = 9*k + 61556. Is k a composite number?
True
Let k be (18 - 19) + 0 + 2. Is (-10)/4*k*-46 prime?
False
Let b be ((-46)/4)/(9/(-1836)). Let i = b - -2153. Is i a prime number?
False
Let c be 5868/33 + 2/11. Let z = c + -99. Is z a prime number?
True
Let u = 20524 - 10557. Is u a composite number?
False
Let i be 1134 + (0 - 2)/2. Suppose i = d + 336. Is d a composite number?
False
Let h be (-3)/12 - 2/(-8). Suppose 0 = 5*x + 4*v - 20, 3*x - 5*v = -h*x - 25. Suppose 2013 = 3*i - x*i. Is i composite?
True
Let v(m) = -2*m - 11. Let j be v(-8). Suppose q = j*b - 11, -2*q = 6*b - 3*b - 30. Is 795/q + 2/3 composite?
False
Let k(p) = -53*p + 20. Let n(y) = -53*y + 21. Let x(z) = -7*k(z) + 6*n(z). Is x(5) composite?
False
Let i = 9313 + -5151. Is i composite?
True
Suppose -28*m - 58857 = -233773. Is m a composite number?
False
Suppose 4*r - 180476 = 5*g, 18*g = 4*r + 15*g - 180476. Is r a prime number?
True
Suppose 4*o = 4 - 0. Let s(b) = -5*b**3 - 5*b**2 + 7*b + 7. Let v(u) = u**3 - u**2 - u. Let f(m) = o*s(m) + 6*v(m). Is f(12) a composite number?
False
Suppose 4*y - x - 50334 = 0, -y + 6*y - 4*x - 62923 = 0. Is y a composite number?
False
Let x be 7/14 - 10/(-4). Suppose -2*w + 817 = 3*f, 2*w - 1643 = -2*w - x*f. Is w prime?
False
Let w = -1393 - -2250. Suppose -5*a = -w - 468. Is a a prime number?
False
Suppose 0 = -3*l + 7*u - 2*u, 0 = -2*l - u + 13. Suppose 0*t - 5*b = t + 2, 0 = -l*b. Is ((-415)/10)/(1/t) prime?
True
Suppose 0 = 5*j + 443 - 1758. Suppose 2*l = -1 - 319. Let h = l + j. Is h a composite number?
False
Let a(d) = d - 10. Let i be a(0). Let y(k) be the third derivative of -7*k**4/12 - 25*k**3/6 + 37*k**2. Is y(i) a prime number?
False
Let a(z) = -3614*z - 19. Is a(-1) composite?
True
Suppose 0 = 13*o - 129 + 12. Is 302/14 + o/((-189)/12) a composite number?
True
Suppose 4528 = 3*a - 7*a. Let h be -5*(2 - a/5). Let z = -795 - h. Is z prime?
True
Suppose -6 + 2 = h. Is (-2*3/9)/(h/13422) composite?
False
Let w = 7987 + -1049. Is w a prime number?
False
Suppose -261204 = 500*q - 512*q. Is q prime?
True
Let f(l) = 30*l - 33 - 46*l - 25*l. Is f(-10) a prime number?
False
Suppose 2*q = 3 - 1. Let v be (6 + 51)*13/q. Suppose -o - 2*o = -v. Is o a composite number?
True
Let q = -7529 - -276. Let r = q + 10272. Is r prime?
True
Suppose 2*y - q = 74879, 4*y + y + 4*q - 187217 = 0. Is y a composite number?
False
Let z = 4201 - 812. Is z prime?
True
Suppose -4*f + 2*y + 70 = 0, -15 = 2*y + y. Suppose 4*m - 5 - f = 0. Suppose -2*x = -x + 5*w - 53, 5*x - m*w = 265. Is x a composite number?
False
Let l be (0 + (-1838)/(-8))*(-10 + 6). Let t = l - -1588. Is t a prime number?
False
Let r be (3/5 - 0)*5. Supp